2).
8
Let u(c) = -16*c - 76. Calculate u(-6).
20
Let s(k) = k**3 - 11*k**2 - 6*k - 18. Calculate s(12).
54
Let x(b) = 5*b + 128. Give x(-24).
8
Let q(b) = b**3 - 4*b**2 + b + 3. Determine q(3).
-3
Let x(d) = d**2 + 34*d + 231. Determine x(-9).
6
Let a(j) = -3*j**2 - 21*j - 10. What is a(-7)?
-10
Let q(o) = 5*o + 22. Give q(-4).
2
Let x(b) = -9*b + 2. Determine x(2).
-16
Let i(t) = -49*t + 59. Determine i(1).
10
Let d(o) = -49*o - 161. What is d(-3)?
-14
Let g(s) = -s**2 - 9*s - 3. Give g(-7).
11
Let j(z) = 5*z + 62. Calculate j(-12).
2
Let y(v) = -114*v**3 + 2*v**2 + v - 2. What is y(1)?
-113
Let b(o) = 5*o**2 + 113*o - 48. Give b(-23).
-2
Let o(i) = -i**3 + 3*i**2 + 6*i - 10. Give o(4).
-2
Let x(s) = s**3 - 5*s**2 + 4*s - 12. What is x(5)?
8
Let x(s) = s**3 + 11*s**2 + 27*s + 7. Give x(-4).
11
Let i(h) = -18*h - 208. Calculate i(-14).
44
Let a(r) = r**3 + 6*r**2 + 3*r + 7. Determine a(-6).
-11
Let h(o) = -o**3 - 30*o**2 - 30*o - 1. Calculate h(-29).
28
Let l(u) = 8*u + 58. Give l(-9).
-14
Let g(o) = -o - 41. Give g(0).
-41
Let m(f) = -4*f - 2. Give m(5).
-22
Let n(d) = d**3 + 2*d**2 - 7*d - 2. Calculate n(-5).
-42
Let b(f) = 27*f + 1404. What is b(-52)?
0
Let z(f) = 4*f + 1. What is z(0)?
1
Let q(h) = -4*h - 4. Determine q(-3).
8
Let h(s) = 38*s + 283. Give h(-8).
-21
Let z(f) = -f**2 + 4*f - 2. Calculate z(3).
1
Let b(u) = -u**2 + 10*u + 9. Determine b(12).
-15
Let n(p) = 9*p - 40. Calculate n(5).
5
Let p(g) = g**3 + 16*g**2 - 19*g - 31. Calculate p(-17).
3
Let d(b) = 5*b**2 + 9*b - 10. Give d(1).
4
Let o(t) = -t**3 - 8*t**2 + 14*t + 6. Determine o(-10).
66
Let n(i) = -20*i - 1. What is n(-2)?
39
Let o(z) = 6*z - 62. Give o(18).
46
Let t(b) = 2*b**3 - 12*b**2 + 16*b - 1. What is t(7)?
209
Let w(j) = -16*j + 716. Determine w(45).
-4
Let j(u) = 3*u + 14. What is j(-3)?
5
Let w(l) = l**2 - 4*l - 1. Determine w(3).
-4
Let t(c) = c**2 - c + 5. Calculate t(0).
5
Let x(t) = -2*t**3 - 2*t + 7. Give x(0).
7
Let n(j) = j**3 - 8*j**2 + 2*j - 11. Calculate n(6).
-71
Let j(f) = -24*f**2 + 1. Give j(-1).
-23
Let k(y) = -y - 2. What is k(-14)?
12
Let o(r) = 14*r**2 - 10*r + 22. Calculate o(2).
58
Let v(p) = p**3 + 17*p**2 - 42*p - 65. What is v(-19)?
11
Let u(h) = 4*h**2 + 30*h + 35. What is u(-6)?
-1
Let s(t) = 12*t + 24. Determine s(-7).
-60
Let m(r) = 26*r - 8. What is m(1)?
18
Let m(u) = -4*u + 30. Determine m(8).
-2
Let l(r) = -r**3 + 12*r**2 + r - 11. Determine l(12).
1
Let c(h) = -3*h**2 - 2*h + 4. Determine c(-7).
-129
Let f(u) = 3*u**2 - 2*u - 6. What is f(-4)?
50
Let o(m) = m**2 + 16*m + 55. Determine o(-8).
-9
Let d(q) = q**3 - 9*q**2 + 15*q - 23. Determine d(7).
-16
Let i(j) = j**3 + j**2 + 3*j - 7. What is i(-4)?
-67
Let m(r) = r**3 - 18*r**2 + 2*r - 27. Determine m(18).
9
Let p(v) = -v**3 - 24*v**2 + 2. Calculate p(-24).
2
Let z(w) = w + 1. Calculate z(-1).
0
Let s(r) = -3*r**3 - 3*r**2 + 2*r - 7. Determine s(-3).
41
Let h(r) = -4*r**3 - 5*r**2 + 3*r + 2. Determine h(-2).
8
Let f(u) = 3*u - 24. Calculate f(8).
0
Let g(b) = 4*b + 58. Give g(-14).
2
Let h(c) = -c + 20. Determine h(13).
7
Let d(l) = -5*l**2 - l. Calculate d(-1).
-4
Let y(i) = -i**3 - 12*i**2 - 15*i - 2. What is y(-10)?
-52
Let o(g) = -9*g + 6. Give o(3).
-21
Let c(k) = -k**2 - 5*k + 11. Give c(-7).
-3
Let p(v) = -v**2 + 6*v - 10. Give p(5).
-5
Let p(m) = -m**3 + 13*m**2 + 14*m + 19. Calculate p(14).
19
Let j(v) = -v**3 - 7*v - 18. Determine j(0).
-18
Let b(q) = -5*q**2 + 3*q - 3. Calculate b(2).
-17
Let d(s) = -s**2 + 13*s - 25. What is d(10)?
5
Let v(g) = 6*g**2 - 8*g - 23. Calculate v(-5).
167
Let q(d) = 2*d**2 + 16*d + 5. What is q(-7)?
-9
Let i(v) = -6*v + 89. Determine i(16).
-7
Let a(m) = 18*m - 69. Determine a(0).
-69
Let b(s) = 8*s - 1. Calculate b(2).
15
Let z(g) = g**3 - 4*g**2 - 6*g + 6. What is z(5)?
1
Let d(l) = l**2 + 4*l + 4. Determine d(-5).
9
Let m(c) = 10*c**2 - 6*c + 4. Determine m(1).
8
Let g(k) = -k**3 + 15*k**2 + 14*k + 32. Calculate g(16).
0
Let v(p) = 4*p**2 + 98*p - 61. Determine v(-25).
-11
Let p(j) = 3*j**3 + 6*j**2 + 2*j + 1. Give p(-3).
-32
Let g(j) = 2*j**2 + 2*j + 21. Give g(-5).
61
Let d(f) = -f**3 - 10*f**2 + 3. What is d(-10)?
3
Let a(r) = r**3 + 7*r**2 + 11*r + 2. Calculate a(-5).
-3
Let u(k) = 4*k**2 + 8*k + 4. Calculate u(-4).
36
Let h(z) = z**2 - 14*z + 10. What is h(13)?
-3
Let g(c) = -44*c**3 + 2*c**2 + c. Give g(-1).
45
Let t(w) = 9*w + 121. Give t(-13).
4
Let x(j) = -3*j + 8. Give x(5).
-7
Let z(a) = -11*a - 14. Give z(-2).
8
Let t(p) = 7*p**2 + p - 1. What is t(0)?
-1
Let r(p) = p**2 + 16*p - 5. What is r(-16)?
-5
Let i(m) = m**2 - 2*m + 67. Give i(0).
67
Let h(l) = -2*l - 1. Calculate h(-1).
1
Let j(t) = 8*t - 154. What is j(17)?
-18
Let p(k) = -k**2 + 68. Give p(7).
19
Let d(z) = -7*z - 10. What is d(7)?
-59
Let n(f) = 2*f**2 + 34*f + 39. Calculate n(-16).
7
Let j(i) = i**3 + 6*i**2 + 5*i - 2. Determine j(-5).
-2
Let p(r) = -r**2 - 21*r + 22. Give p(-22).
0
Let o(i) = i**2 + 4*i - 10. Determine o(-8).
22
Let o(y) = -y**3 + 4*y**2 + 9*y + 18. What is o(6)?
0
Let m(i) = -2*i**3 - 2*i**2 - 7*i - 14. Calculate m(-2).
8
Let z(u) = -3*u - 100. Give z(-33).
-1
Let w(r) = -r**3 - 12*r**2 - 10*r + 14. Calculate w(-11).
3
Let o(g) = g**2 + 4*g - 25. Determine o(-8).
7
Let h(a) = -a**2 + 19*a + 7. Calculate h(19).
7
Let o(a) = -a**3 - 27*a**2 + 60*a + 46. Calculate o(-29).
-12
Let i(k) = -k + 3. Determine i(-6).
9
Let q(o) = 7*o + 6. Calculate q(-3).
-15
Let q(d) = -d**2 - 12*d + 8. Calculate q(-13).
-5
Let j(d) = 69*d + 5. Calculate j(-1).
-64
Let h(z) = 3*z + 16. Give h(-14).
-26
Let d(i) = -i**3 + 8*i**2 - 7*i + 17. What is d(7)?
17
Let z(v) = -15*v. Give z(-2).
30
Let c(w) = -w**2 - 6*w + 5. Calculate c(-6).
5
Let k(d) = 12*d - 4. Give k(4).
44
Let f(q) = -q**2 - 10*q + 10. Calculate f(-11).
-1
Let h(n) = -4*n + 35. Give h(8).
3
Let n(j) = -j**3 - 9*j**2 + 7*j - 31. What is n(-10)?
-1
Let t(z) = z**2 + 9*z - 21. Determine t(-10).
-11
Let g(t) = -2*t - 47. Calculate g(-20).
-7
Let s(z) = 12*z + 648. What is s(-54)?
0
Let p(d) = -d + 10. Determine p(12).
-2
Let r(s) = s**3 - 3*s**2 + s - 2. Give r(2).
-4
Let c(k) = k**2 + 4*k + 8. Calculate c(-3).
5
Let v(q) = -q**2 + 26*q - 71. Calculate v(22).
17
Let a(g) = -2*g**2 + 30*g - 9. Give a(14).
19
Let a(k) = 12*k - 473. Calculate a(39).
-5
Let q(n) = 3*n**2 - 14*n - 25. Give q(-2).
15
Let c(w) = -11*w + 194. What is c(17)?
7
Let o(j) = 18*j**3 + j**2 - j + 1. What is o(1)?
19
Let b(g) = g**3 - 24*g**2 - 7*g + 178. Give b(24).
10
Let c(h) = 2*h**3 - 6*h**2 + 5*h - 1. What is c(4)?
51
Let w(f) = -f**2 + 13*f - 16. What is w(9)?
20
Let w(f) = f + 2. Calculate w(-3).
-1
Let k(z) = z**3 + 8*z**2 - 6*z + 4. Determine k(-7).
95
Let o(s) = s + 15. Determine o(-5).
10
Let w(u) = -4*u**2 + 2*u - 4. Determine w(4).
-60
Let w(y) = y**2 + y + 2. Determine w(-2).
4
Let j(a) = a**3 + 3*a**2 - 12*a - 20. Determine j(-6).
-56
Let w(n) = -n**2 + 26*n - 63. What is w(24)?
-15
Let l(s) = s**3 + 11*s**2 - 13*s - 5. Determine l(-12).
7
Let u(o) = o**2 - 19*o + 14. Determine u(16).
-34
Let p(y) = 2*y**3 + 6*y**2 - 9*y - 3. Calculate p(2).
19
Let f(o) = -o**2 - 5*o + 49. Calculate f(-9).
13
Let u(l) = -l**2 + 13*l + 4. Determine u(-6).
-110
Let x(v) = v**2 - 12*v + 14. Give x(10).
-6
Let v(h) = h**3 + 6*h**2 - 8*h + 2. Calculate v(-7).
9
Let w(i) = i**2 - 3*i - 85. What is w(11)?
3
Let w(z) = -13*z + 50. Give w(6).
-28
Let u(t) = t**2 + 18*t - 29. Give u(-21).
34
Let k(d) = -2*d**2 - 11*d. Give k(-6).
-6
Let i(c) = 4*c + 3. Calculate i(-2).
-5
Let s(x) = x**2 + x + 16. Calculate s(0).
16
Let h(r) = r - 4. Give h(3).
-1
Let s(o) = -o**3 + 2*o**2 + 2*o - 1. Determine s(-2).
11
Let x(m) = -10*m + 1. Calculate x(-1).
11
Let c(n) = -8*n**2 + 4*n. Determine c(2).
-24
Let n(x) = -6*x + 2. What is n(7)?
-40
Let h(w) = -w**3 + 13*w**2 - w + 22. Give h(13).
9
Let r(w) = -56*w + 449. Determine r(8).
1
Let l(h) = -7*h**2 - 2*h + 3. Give l(2).
-29
Let a(g) = -g**3 + 7*g**2 + 10*g - 15. Determine a(8).
1
Let j(b) = -4*b + 8. Calculate j(-7).
36
Let b(f) = -4*f + 12. Give b(0).
12
Let i(r) = 11*r + 94. Calculate i(-8).
6
Let a(c) = 8*c - 71. Give a(18).
73
Let n(u) = u**3 - 13*u**2 + 16*u - 3. Calculate n(11).
-69
Let z(p) = -p**3 - 6*p**2 - 12*p - 1. Calculate z(-6).
71
Let v(s) = -s. What is v(3)?
-3
Let y(u) = -u**2 - 4*u + 16.